Calculate the highest common factor of 100 and w.
25
Suppose -p = p - 120. Suppose 0 = 4*t + 4*q - 88, 3*t + 5*q - 62 = -0*t. Calculate the greatest common factor of p and t.
12
Let h(c) = 0*c + 2*c - c**2 + 2*c**2 + c - 22. Let m = -36 + 27. Let v be h(m). What is the highest common factor of 80 and v?
16
Let k(g) = -2*g**3 - 8*g**2 + 4*g + 24. Let r be k(-6). What is the highest common divisor of r and 9?
9
Let t = -1 + 5. Suppose 0 = 3*o - t*o + i + 46, -2*i + 172 = 4*o. Let u be (-3 - 0)*33/(-9). Calculate the greatest common factor of o and u.
11
Let p be (13/(-2))/((-1)/(-14)). Let x = p - -163. What is the greatest common divisor of 108 and x?
36
Suppose 2*f - f = 16. Let p = -12 - -12. Let d be 147 + (0 - p - 3). Calculate the highest common divisor of d and f.
16
Let f = -34 - -53. Suppose -2*q = q - 96. Suppose -3*b - 3*v + 66 = 0, -v - q = -2*b + v. What is the highest common factor of b and f?
19
Let t(f) = -3*f**2 - 11*f - 4. Let s(r) = r**2 + r - 1. Let y(x) = 2*s(x) + t(x). Let v be y(-7). What is the highest common divisor of 20 and v?
4
Let k(v) = -15*v - 7. Let q be k(-1). Suppose 3*w + 0*w = 120. Calculate the greatest common factor of q and w.
8
Let g(t) = 28*t + 400. Let p be g(-12). Calculate the highest common divisor of p and 10.
2
Let d be 0 - -13 - (-3)/(-1). Suppose -71 = -2*s - 3*o + 86, 3*s - o = 241. Calculate the greatest common factor of s and d.
10
Let w be 57*(-2 - (-21)/9). Calculate the highest common divisor of w and 95.
19
Let c(l) = l**2 + 10. Let y be c(0). What is the highest common factor of 55 and y?
5
Suppose 136 = 14*u - 9*u - 4*w, -30 = -u - 2*w. Let a = 787 + -535. What is the greatest common divisor of a and u?
28
Let d(r) = 15*r + 12*r + 11*r - 6 - 42*r. Let s be d(-4). Calculate the greatest common factor of 90 and s.
10
Let z = 10 + -4. Let x be 7332/(-84) + (-4)/(-14). Let g be (-3)/(-15) - x/15. Calculate the highest common factor of g and z.
6
Let d(l) = 42*l - 15. Let u be d(8). Suppose c + u = 2*c. Let w be (c/(-9) + -1)*-3. Calculate the greatest common factor of w and 10.
10
Let b(p) = 13*p**2 - 20*p + 3. Let j be b(3). What is the greatest common factor of j and 72?
12
Suppose 24*m - 10127 + 1847 = 0. What is the highest common divisor of m and 15?
15
Suppose 18*y - 56*y + 8892 = 0. Calculate the highest common divisor of 1014 and y.
78
Let d(s) = 3*s**3 - 32*s**2 + 94*s - 29. Let l be d(5). Suppose -2*x + 4 = 2*x, 0 = -2*u + x + 47. Calculate the highest common factor of l and u.
8
Let h be (-1)/(-3) - 80/(-3). Let d(m) = -2 - 7 + 5 + m. Let t be d(7). What is the greatest common divisor of t and h?
3
Let s be (-10233)/(-7) - (-17)/(7 - -112). What is the highest common divisor of s and 86?
86
Let t = -1884 + 1944. Calculate the greatest common divisor of t and 150.
30
Suppose 9*d - 3165 - 1065 = 0. Calculate the greatest common divisor of d and 40.
10
Let q be ((-180)/21)/((-1)/7). Suppose 18 = -h + q. Calculate the highest common divisor of h and 63.
21
Let h = -351 - -375. Suppose -370 = -6*a + a. Suppose 2*d - 38 = -5*r + 2*r, 0 = -4*d - 5*r + a. What is the highest common divisor of h and d?
8
Suppose 0 = -3*k - 102 - 171. Let j = 111 + k. What is the highest common factor of 80 and j?
20
Let x(v) be the first derivative of 6 - 8*v - 2*v**2 + 4 - 7. Let r be x(-3). Calculate the greatest common divisor of r and 32.
4
Let k = 149 + -44. What is the highest common factor of 10 and k?
5
Suppose 0*i + 2*i + 10 = 0, 5*g = i + 5. Suppose -o + 0*o + 3 = g. Let t(y) = -4*y + 29. Let a be t(5). What is the greatest common divisor of a and o?
3
Let s be (246/48 - 5) + (-1582)/(-16). Calculate the greatest common factor of s and 55.
11
Let w(y) = -4*y**2 + 106*y + 84. Let f be w(27). What is the highest common divisor of 390 and f?
30
Suppose 3*y - 3*i - 12 = -0, -21 = -4*y - i. Suppose t + 2*j + 4 - 14 = 0, -y*j + 20 = 0. Let h = 2 + 4. What is the greatest common divisor of t and h?
2
Let x(w) = 2*w + 79. Let y be x(-33). Let b = 9 - 8. What is the highest common divisor of y and b?
1
Suppose 8*p - p - 21 = 0. Suppose 4*j - 2*m = -p*m + 315, 4*j - 303 = 3*m. Let f be (0 + 2/3)*39. What is the greatest common factor of f and j?
26
Let f = 868 + -560. Let p be (-2 - (-39)/9)*(0 - -12). What is the greatest common factor of f and p?
28
Let r = -74 - 68. Let v = -82 - r. Let m = -686 + 701. What is the greatest common factor of v and m?
15
Suppose 55 = 4*b - 185. Let a(x) = -4*x**2 + 4*x + 4. Let g be a(-2). Let k be ((-18)/10)/(3/g). What is the greatest common divisor of b and k?
12
Let t = 358 - 214. Calculate the highest common factor of 27 and t.
9
Let r(l) = -2*l + 33. Let z be r(14). Let t(n) = 2*n**2 - 4*n + 6. Let b be t(z). What is the highest common factor of b and 9?
9
Suppose -4*f + 21*l - 17*l + 2472 = 0, 3081 = 5*f - 2*l. What is the highest common factor of f and 15?
15
Let q be 0 + 642/(4/4). Let z be ((-2)/(-4))/(4/(-2936)). Let y = z + q. What is the greatest common divisor of y and 25?
25
Suppose -4*o + 5*u = 43 - 137, -4*u = -4*o + 96. Calculate the greatest common divisor of 208 and o.
26
Let c be 5 - 6/4*2992/(-132). What is the greatest common factor of 195 and c?
39
Let s(g) = g**3 + 4*g**2 - 7*g + 2. Let o be s(-5). Let h(z) = -z**3 + 13*z**2 - 11*z + 12. Let t be h(o). What is the greatest common factor of 48 and t?
24
Suppose 4*x = -g + 312, 0*g - 4*x - 1488 = -5*g. Calculate the greatest common divisor of g and 375.
75
Suppose -88 = -12*r + 8. Suppose 59 = r*o - 109. Let d(x) = x**3 + 4*x**2 - x + 2. Let w be d(-3). Calculate the greatest common divisor of o and w.
7
Suppose 18*a - 169 - 65 = 0. What is the highest common divisor of a and 559?
13
Suppose -202 + 106 = -4*x. What is the greatest common factor of 84 and x?
12
Suppose -5400*o + 5934 = -5394*o. What is the highest common factor of 46 and o?
23
Suppose 4*f = -2*x + 176, 4*x - 149 - 213 = 2*f. Calculate the greatest common divisor of x and 720.
90
Let g(h) = h**2 + 15*h + 18. Let q be g(-10). Let z = -27 + 122. Let d = q + z. Calculate the greatest common divisor of 9 and d.
9
Suppose 1 = -3*l + 10. Suppose u = 4*a + 85, l*u + a - 184 = 45. Calculate the highest common divisor of u and 11.
11
Suppose o = -0*o. Suppose -4*a + 2*j + 56 = -o*a, -4*j + 32 = 4*a. Calculate the highest common factor of 24 and a.
12
Let n be 3/(9/(-16))*17568/(-192). Calculate the greatest common divisor of 16 and n.
8
Suppose 829 = 8*p + 205. What is the greatest common divisor of p and 351?
39
Let d be ((-9485)/10)/(-7) - 2/(-4). What is the highest common divisor of d and 16?
8
Let m be (-8)/(-44) + 93/33 + -1. Suppose 42 = m*i - 0. Calculate the greatest common divisor of i and 189.
21
Suppose 5*r + 19 = 3*q, 0 = -4*q + 2*r + 9 + 7. Suppose 0*m + m - 63 = -q*d, -2*m + 159 = -5*d. Calculate the highest common divisor of 8 and m.
8
Suppose 4*b - 4*f + 5 - 1 = 0, 3*b + 13 = 5*f. Suppose 7*t - b*t = 0. Suppose -k - k + 24 = t. What is the highest common factor of k and 12?
12
Let l(i) = i**2 - 8*i - 1. Let f be 9/2*(-12)/(-6). Let k be l(f). Let s(d) = d**2 - 4*d + 1. Let z be s(k). Calculate the greatest common divisor of 3 and z.
3
Suppose 3*q - 68 = -q. Suppose -870 - 2309 = -17*y. Calculate the highest common factor of q and y.
17
Let a = -19 + 22. Calculate the greatest common divisor of a and 1.
1
Let u be 1/((-2)/(-12))*(193 - 181). What is the greatest common divisor of 684 and u?
36
Let q = 12 - 13. Let p = q - -4. Suppose -p*v = v - 64. What is the highest common divisor of 4 and v?
4
Let t be 3/(45/808) + 1298/9735. Let g(d) = d**3 + 8*d**2 - 2*d - 3. Let u be 1/(-4)*2*12. Let x be g(u). What is the highest common divisor of x and t?
27
Let k(n) = -3*n**2 - 17*n + 2. Let r be k(-5). Suppose -3*j + 3*z + r + 15 = 0, j - 21 = -5*z. What is the greatest common factor of j and 1?
1
Let x = 97 - 57. Let u(d) be the first derivative of d**4/4 + 4*d**3/3 - 3*d**2 + 3*d + 4. Let i be u(-5). Calculate the greatest common factor of x and i.
8
Let b(s) = -8*s + 56. Let r be b(-20). What is the greatest common factor of r and 972?
108
Let q(s) = 3*s + 92. Let u be q(-22). Calculate the highest common divisor of u and 247.
13
Suppose -4*f - 5*s + 34 = 0, -4*f - s + 36 = 3*s. Let y be 2160/14 + (-6)/21. Let c = -132 + y. Calc